{"id":2268,"date":"2021-01-29T23:59:55","date_gmt":"2021-01-29T22:59:55","guid":{"rendered":"http:\/\/santagostinorimini.it\/new_sito\/?page_id=2268"},"modified":"2024-04-18T18:57:09","modified_gmt":"2024-04-18T16:57:09","slug":"don-vittorio-maresi-2","status":"publish","type":"page","link":"https:\/\/santagostinorimini.it\/new_sito\/comunita\/i-nostri-pastori\/don-vittorio-maresi-2\/","title":{"rendered":"Don Vittorio Maresi"},"content":{"rendered":"<div data-colibri-id=\"2268-c1\" class=\"style-1438 style-local-2268-c1 position-relative\">\n  <!---->\n  <div data-colibri-component=\"section\" data-colibri-id=\"2268-c2\" id=\"custom\" class=\"h-section h-section-global-spacing d-flex align-items-lg-center align-items-md-center align-items-center style-1482 style-local-2268-c2 position-relative\">\n    <!---->\n    <!---->\n    <div class=\"h-section-grid-container h-section-boxed-container\">\n      <!---->\n      <div data-colibri-id=\"2268-c3\" class=\"h-row-container gutters-row-lg-2 gutters-row-md-2 gutters-row-0 gutters-row-v-lg-2 gutters-row-v-md-2 gutters-row-v-2 style-1485 style-local-2268-c3 position-relative\">\n        <!---->\n        <div class=\"h-row justify-content-lg-center justify-content-md-center justify-content-center align-items-lg-stretch align-items-md-stretch align-items-stretch gutters-col-lg-2 gutters-col-md-2 gutters-col-0 gutters-col-v-lg-2 gutters-col-v-md-2 gutters-col-v-2\">\n          <!---->\n          <div class=\"h-column h-column-container d-flex h-col-lg-auto h-col-md-auto h-col-auto style-1486-outer style-local-2268-c4-outer\">\n            <div data-colibri-id=\"2268-c4\" class=\"d-flex h-flex-basis h-column__inner h-px-lg-2 h-px-md-2 h-px-2 v-inner-lg-2 v-inner-md-2 v-inner-2 style-1486 style-local-2268-c4 position-relative\">\n              <!---->\n              <!---->\n              <div class=\"w-100 h-y-container h-column__content h-column__v-align flex-basis-100 align-self-lg-start align-self-md-start align-self-start\">\n                <!---->\n                <div data-colibri-id=\"2268-c5\" class=\"h-text h-text-component style-1487 style-local-2268-c5 position-relative h-element\">\n                  <!---->\n                  <!---->\n                  <div class=\"\">\n                    <p>Don Vittorio Maresi nasce a Poggio Berni nel 1933, viene ordinato sacerdote il 29 Giugno 1957 dal Vescovo Biancheri. \u00c8 stato poi nominato Parroco del Duomo sempre da Monsignor Emilio Biancheri nel 1970.\n                      <br>Sin da subito ha instaurato un bel rapporto di stima reciproca con i suoi parrocchiani ed il suo amore per il Signore e verso le persone ha caratterizzato tutta la sua vita.\n                      <br>Ripeteva spesso, e lo ripete ancora oggi: \u201cNoi possiamo organizzare cose bellissime, ma se non poniamo Cristo al centro di tutto, non serve a niente. Pi\u00f9 facciamo e pi\u00f9 dobbiamo pregare\u201d.<\/p>\n                  <\/div>\n                <\/div>\n                <div data-colibri-id=\"2268-c6\" class=\"style-1489 style-local-2268-c6 position-relative h-element\">\n                  <!---->\n                  <div class=\"h-global-transition-all h-global-transition h-global-transition-all h-contact-form-shortcode\"><\/div>\n                <\/div>\n              <\/div>\n            <\/div>\n          <\/div>\n        <\/div>\n      <\/div>\n      <div data-colibri-id=\"2268-c7\" class=\"h-row-container gutters-row-lg-2 gutters-row-md-2 gutters-row-0 gutters-row-v-lg-2 gutters-row-v-md-2 gutters-row-v-2 style-1483 style-local-2268-c7 position-relative\">\n        <!---->\n        <div class=\"h-row justify-content-lg-center justify-content-md-center justify-content-center align-items-lg-stretch align-items-md-stretch align-items-stretch gutters-col-lg-2 gutters-col-md-2 gutters-col-0 gutters-col-v-lg-2 gutters-col-v-md-2 gutters-col-v-2\">\n          <!---->\n          <div class=\"h-column h-column-container d-flex h-col-lg-auto h-col-md-auto h-col-auto style-1484-outer style-local-2268-c8-outer\">\n            <div data-colibri-id=\"2268-c8\" class=\"d-flex h-flex-basis h-column__inner h-px-lg-2 h-px-md-2 h-px-2 v-inner-lg-2 v-inner-md-2 v-inner-2 style-1484 style-local-2268-c8 position-relative\">\n              <!---->\n              <!---->\n              <div class=\"w-100 h-y-container h-column__content h-column__v-align flex-basis-100 align-self-lg-start align-self-md-start align-self-start\">\n                <!---->\n                <div data-colibri-id=\"2268-c9\" class=\"h-text h-text-component style-1490 style-local-2268-c9 position-relative h-element\">\n                  <!---->\n                  <!---->\n                  <div class=\"\">\n                    <p>Don Vittorio ha sempre considerato la parrocchia come lo spazio non solo del Catechismo, ma anche del gioco, della preghiera, dei vespri serali e delle grandiose feste; era come stare in una grande casa aperta a tutti. E c\u2019era sempre\n                      in parrocchia, nel suo ufficio a leggere e a pregare (se non aveva impegni), mentre i ragazzi erano l\u00ec di fuori a giocare. Si faceva vedere ma non faceva il controllore. Lasciava che fossero i ragazzi pi\u00f9 grandi a stare con i pi\u00f9\n                      piccoli, favorendo dei legami che sono diventati legami per la vita.<\/p>\n                    <p>Una persona semplice, ma profonda, con un carattere allegro che metteva tutti a proprio agio; gli piaceva scherzare e cantare: le canzoni di Modugno sono ancora il suo cavallo di battaglia. Umano, capace di stare vicino a chi \u00e8 in\n                      un momento di dolore o di difficolt\u00e0 e di accompagnare chi sta attraversando un momento di crisi. <\/p>\n                    <p>Era presente, ma capace di lasciare liberi.<\/p>\n                    <p>Ha sempre cercato di individuare i talenti delle persone per poi chiedere loro di mettersi a servizio della comunit\u00e0 nei diversi ambiti. <\/p>\n                    <p>Cento campeggi, un numero enorme a pensarlo oggi. Don Vittorio finch\u00e9 il suo fisico ha retto, ha accompagnato centinaia di ragazzi e giovani in montagna e fra le colline. Ama contare le sue esperienze, i campeggi fatti appunto, ma\n                      anche le varie persone presente nei diversi contesti, contento nel constatare quanta partecipazione ci fosse alle tante iniziative parrocchiali.<\/p>\n                    <p>Suor Giovanna Bonetti ripete sempre di aver davvero sperimentato grazie a Don Vittorio (sua guida spirituale) l\u2019essere stata voluta bene liberamente e gratuitamente. <\/p>\n                    <p>Nel 2003 quando \u00e8 stata creata la Parrocchia unica del Centro Storico di Rimini, ha continuato a prestare servizio come Parroco in solido di questa nuova realt\u00e0 aiutando Don Dino. Ogni anno si divertiva a presenziare alla cosiddetta\n                      \u201cFesta della Befana\u201d nel teatro della Chiesa di San Nicol\u00f2, intrattenendo decine di ragazzi. Nel 2007 ha festeggiato i 50 anni di sacerdozio e tutti i giovani cresciuti con lui si sono radunati, ormai cresciuti, ma stretti fra di\n                      loro ancora da legami belli e profondi nati grazie all\u2019instancabile attivit\u00e0 di buon pastore di Don Vittorio.<\/p>\n                    <p>Fino a prima della pandemia ha continuato a presiedere le celebrazioni feriali e la prefestiva delle 16:30, attualmente risiede alla Casa del Clero.<\/p>\n                  <\/div>\n                <\/div>\n              <\/div>\n            <\/div>\n          <\/div>\n        <\/div>\n      <\/div>\n    <\/div>\n  <\/div>\n<\/div>","protected":false},"excerpt":{"rendered":"<p>Don Vittorio Maresi nasce a Poggio Berni nel 1933, viene ordinato sacerdote il 29 Giugno 1957 dal Vescovo Biancheri. \u00c8 stato poi nominato Parroco del Duomo sempre da Monsignor Emilio Biancheri nel 1970. Sin da subito ha instaurato un bel rapporto di stima reciproca con i suoi parrocchiani ed il suo amore per il Signore [&hellip;]<\/p>\n","protected":false},"author":1,"featured_media":0,"parent":302,"menu_order":3,"comment_status":"closed","ping_status":"closed","template":"page-templates\/full-width-page.php","meta":{"iawp_total_views":45,"footnotes":""},"class_list":["post-2268","page","type-page","status-publish","hentry"],"_links":{"self":[{"href":"https:\/\/santagostinorimini.it\/new_sito\/wp-json\/wp\/v2\/pages\/2268","targetHints":{"allow":["GET"]}}],"collection":[{"href":"https:\/\/santagostinorimini.it\/new_sito\/wp-json\/wp\/v2\/pages"}],"about":[{"href":"https:\/\/santagostinorimini.it\/new_sito\/wp-json\/wp\/v2\/types\/page"}],"author":[{"embeddable":true,"href":"https:\/\/santagostinorimini.it\/new_sito\/wp-json\/wp\/v2\/users\/1"}],"replies":[{"embeddable":true,"href":"https:\/\/santagostinorimini.it\/new_sito\/wp-json\/wp\/v2\/comments?post=2268"}],"version-history":[{"count":5,"href":"https:\/\/santagostinorimini.it\/new_sito\/wp-json\/wp\/v2\/pages\/2268\/revisions"}],"predecessor-version":[{"id":2497,"href":"https:\/\/santagostinorimini.it\/new_sito\/wp-json\/wp\/v2\/pages\/2268\/revisions\/2497"}],"up":[{"embeddable":true,"href":"https:\/\/santagostinorimini.it\/new_sito\/wp-json\/wp\/v2\/pages\/302"}],"wp:attachment":[{"href":"https:\/\/santagostinorimini.it\/new_sito\/wp-json\/wp\/v2\/media?parent=2268"}],"curies":[{"name":"wp","href":"https:\/\/api.w.org\/{rel}","templated":true}]}}