{"id":316,"date":"2021-01-19T21:08:55","date_gmt":"2021-01-19T20:08:55","guid":{"rendered":"http:\/\/santagostinorimini.it\/new_sito\/?page_id=316"},"modified":"2026-02-15T18:43:58","modified_gmt":"2026-02-15T17:43:58","slug":"giovanissimi","status":"publish","type":"page","link":"https:\/\/santagostinorimini.it\/new_sito\/comunita\/i-nostri-gruppi\/giovanissimi\/","title":{"rendered":"Giovanissimi"},"content":{"rendered":"<div data-colibri-id=\"316-c1\" class=\"style-647 style-local-316-c1 position-relative\">\n  <!---->\n  <div data-colibri-component=\"section\" data-colibri-id=\"316-c2\" id=\"custom\" class=\"h-section h-section-global-spacing d-flex align-items-lg-center align-items-md-center align-items-center style-648 style-local-316-c2 position-relative\">\n    <!---->\n    <!---->\n    <div class=\"h-section-grid-container h-section-boxed-container\">\n      <!---->\n      <div data-colibri-id=\"316-c3\" class=\"h-row-container gutters-row-lg-2 gutters-row-md-2 gutters-row-0 gutters-row-v-lg-2 gutters-row-v-md-2 gutters-row-v-2 style-655 style-local-316-c3 position-relative\">\n        <!---->\n        <div class=\"h-row justify-content-lg-center justify-content-md-center justify-content-center align-items-lg-stretch align-items-md-stretch align-items-stretch gutters-col-lg-2 gutters-col-md-2 gutters-col-0 gutters-col-v-lg-2 gutters-col-v-md-2 gutters-col-v-2\">\n          <!---->\n          <div class=\"h-column h-column-container d-flex h-col-lg-auto h-col-md-auto h-col-auto style-656-outer style-local-316-c4-outer\">\n            <div data-colibri-id=\"316-c4\" class=\"d-flex h-flex-basis h-column__inner h-px-lg-2 h-px-md-2 h-px-2 v-inner-lg-2 v-inner-md-2 v-inner-2 style-656 style-local-316-c4 position-relative\">\n              <!---->\n              <!---->\n              <div class=\"w-100 h-y-container h-column__content h-column__v-align flex-basis-100 align-self-lg-start align-self-md-start align-self-start\">\n                <!---->\n                <div data-colibri-id=\"316-c5\" class=\"h-lead h-text h-text-component style-657 style-local-316-c5 position-relative h-element\">\n                  <!---->\n                  <!---->\n                  <div class=\"\">\n                    <p>&#8220;Quindi, con questo gratis che abbiamo \u2013 l\u2019amore di Ges\u00f9 \u2013 e con la voglia di camminare,\n                      <br>camminiamo nella speranza, guardiamo alle nostre radici\n                      <br>e andiamo avanti, <em>senza paura<\/em>. Non abbiate paura.&#8221;\n                      <br>[Papa Francesco alla GMG, Agosto 2023]\n                      <br>\n                    <\/p>\n                  <\/div>\n                <\/div>\n              <\/div>\n            <\/div>\n          <\/div>\n        <\/div>\n      <\/div>\n      <div data-colibri-id=\"316-c6\" class=\"h-row-container gutters-row-lg-2 gutters-row-md-2 gutters-row-0 gutters-row-v-lg-2 gutters-row-v-md-2 gutters-row-v-2 style-11748 style-local-316-c6 position-relative\">\n        <!---->\n        <div class=\"h-row justify-content-lg-center justify-content-md-center justify-content-center align-items-lg-stretch align-items-md-stretch align-items-stretch gutters-col-lg-2 gutters-col-md-2 gutters-col-0 gutters-col-v-lg-2 gutters-col-v-md-2 gutters-col-v-2\">\n          <!---->\n          <div class=\"h-column h-column-container d-flex h-col-lg-auto h-col-md-auto h-col-auto style-11749-outer style-local-316-c7-outer\">\n            <div data-colibri-id=\"316-c7\" class=\"d-flex h-flex-basis h-column__inner h-px-lg-2 h-px-md-2 h-px-2 v-inner-lg-2 v-inner-md-2 v-inner-2 style-11749 style-local-316-c7 position-relative\">\n              <!---->\n              <!---->\n              <div class=\"w-100 h-y-container h-column__content h-column__v-align flex-basis-100 align-self-lg-start align-self-md-start align-self-start\">\n                <!---->\n                <div data-colibri-id=\"316-c8\" class=\"h-text h-text-component style-654 style-local-316-c8 position-relative h-element\">\n                  <!---->\n                  <!---->\n                  <div class=\"\">\n                    <p>Siamo un gruppo di ragazze e ragazzi delle superiori che cerca il venerd\u00ec sera di riflettere e discutere su tantissimi temi ponendoci sempre con il volto lungo la strada di Ges\u00f9.<\/p>\n                    <p>Attraverso i suggerimenti del testo-guida dell&#8217;Azione Cattolica,&nbsp;passo dopo passo stiamo scoprendo come approcciarci alla vita, alla realt\u00e0, ai cambiamenti inevitabili che viviamo durante gli anni delle superiori. Ci piace coltivare\n                      le amicizie, come faceva il Piccolo Principe con la volpe, ci piace capire chi \u00e8 e chi sar\u00e0 il nostro prossimo con esperienze concrete, come il Campo Scuola di settembre, le Tre Giorni e gli altri momenti di convivenza.<\/p>\n                    <p>Una frase che ci portiamo dentro \u00e8: \u00abIl bene bisogna farlo finch\u00e9 si \u00e8 in vita. \u00c8 facile lasciare le cose che non si possono portare nell\u2019Aldil\u00e0. La vera ricchezza da lasciare \u00e8 il bene fatto\u00bb\n                      <br>\n                    <\/p>\n                  <\/div>\n                <\/div>\n                <div data-colibri-id=\"316-c9\" class=\"h-text h-text-component style-658 style-local-316-c9 position-relative h-element\">\n                  <!---->\n                  <!---->\n                  <div class=\"\">\n                    <p>Eccoci qua. \u00c8 complicato raccontarci in poche parole, perch\u00e9 pi\u00f9 che i racconti, sono emozioni, sensazioni, volti che ci accompagnano in questo cammino insieme!&nbsp;&nbsp;<strong>Siamo semplicemente noi: un gruppo curioso, disordinato e gioioso!<\/strong><\/p>\n                    <p><strong>Equipe educativa: Stefano, Giovanni, Sofia, Carolina, Francesco e Giovanni<\/strong><\/p>\n                  <\/div>\n                <\/div>\n                <div data-colibri-id=\"316-c10\" class=\"h-x-container style-2887 style-local-316-c10 position-relative h-element\">\n                  <!---->\n                  <div class=\"h-x-container-inner style-dynamic-316-c10-group style-2887-spacing style-local-316-c10-spacing\"><span class=\"h-button__outer style-2888-outer style-local-316-c11-outer d-inline-flex h-element\"><a h-use-smooth-scroll=\"true\" href=\"https:\/\/api.whatsapp.com\/send?phone=3393135277\"  data-colibri-id=\"316-c11\" class=\"d-flex w-100 align-items-center h-button justify-content-lg-center justify-content-md-center justify-content-center style-2888 style-local-316-c11 position-relative\"><!----><!----> <span>CONTATTACI<\/span><\/a>\n                    <\/span>\n                  <\/div>\n                <\/div>\n              <\/div>\n            <\/div>\n          <\/div>\n        <\/div>\n      <\/div>\n      <div data-colibri-id=\"316-c12\" class=\"h-row-container gutters-row-lg-2 gutters-row-md-2 gutters-row-0 gutters-row-v-lg-2 gutters-row-v-md-2 gutters-row-v-2 style-649 style-local-316-c12 position-relative\">\n        <!---->\n        <div class=\"h-row justify-content-lg-center justify-content-md-center justify-content-center align-items-lg-stretch align-items-md-stretch align-items-stretch gutters-col-lg-2 gutters-col-md-2 gutters-col-0 gutters-col-v-lg-2 gutters-col-v-md-2 gutters-col-v-2\">\n          <!---->\n          <div class=\"h-column h-column-container d-flex h-col-lg-auto h-col-md-auto h-col-auto style-650-outer style-local-316-c13-outer\">\n            <div data-colibri-id=\"316-c13\" class=\"d-flex h-flex-basis h-column__inner h-px-lg-2 h-px-md-2 h-px-2 v-inner-lg-2 v-inner-md-2 v-inner-2 style-650 style-local-316-c13 position-relative\">\n              <!---->\n              <!---->\n              <div class=\"w-100 h-y-container h-column__content h-column__v-align flex-basis-100 align-self-lg-start align-self-md-start align-self-start\">\n                <!---->\n                <div data-colibri-id=\"316-c14\" class=\"style-653 style-local-316-c14 position-relative h-element\">\n                  <!---->\n                  <div class=\"h-global-transition-all h-global-transition h-global-transition-all h-contact-form-shortcode\"><\/div>\n                <\/div>\n              <\/div>\n            <\/div>\n          <\/div>\n        <\/div>\n      <\/div>\n    <\/div>\n  <\/div>\n<\/div>","protected":false},"excerpt":{"rendered":"<p>&#8220;Quindi, con questo gratis che abbiamo \u2013 l\u2019amore di Ges\u00f9 \u2013 e con la voglia di camminare, camminiamo nella speranza, guardiamo alle nostre radici e andiamo avanti, senza paura. Non abbiate paura.&#8221; [Papa Francesco alla GMG, Agosto 2023] Siamo un gruppo di ragazze e ragazzi delle superiori che cerca il venerd\u00ec sera di riflettere e [&hellip;]<\/p>\n","protected":false},"author":1,"featured_media":0,"parent":304,"menu_order":4,"comment_status":"closed","ping_status":"closed","template":"page-templates\/full-width-page.php","meta":{"iawp_total_views":37,"footnotes":""},"class_list":["post-316","page","type-page","status-publish","hentry"],"_links":{"self":[{"href":"https:\/\/santagostinorimini.it\/new_sito\/wp-json\/wp\/v2\/pages\/316","targetHints":{"allow":["GET"]}}],"collection":[{"href":"https:\/\/santagostinorimini.it\/new_sito\/wp-json\/wp\/v2\/pages"}],"about":[{"href":"https:\/\/santagostinorimini.it\/new_sito\/wp-json\/wp\/v2\/types\/page"}],"author":[{"embeddable":true,"href":"https:\/\/santagostinorimini.it\/new_sito\/wp-json\/wp\/v2\/users\/1"}],"replies":[{"embeddable":true,"href":"https:\/\/santagostinorimini.it\/new_sito\/wp-json\/wp\/v2\/comments?post=316"}],"version-history":[{"count":20,"href":"https:\/\/santagostinorimini.it\/new_sito\/wp-json\/wp\/v2\/pages\/316\/revisions"}],"predecessor-version":[{"id":35731,"href":"https:\/\/santagostinorimini.it\/new_sito\/wp-json\/wp\/v2\/pages\/316\/revisions\/35731"}],"up":[{"embeddable":true,"href":"https:\/\/santagostinorimini.it\/new_sito\/wp-json\/wp\/v2\/pages\/304"}],"wp:attachment":[{"href":"https:\/\/santagostinorimini.it\/new_sito\/wp-json\/wp\/v2\/media?parent=316"}],"curies":[{"name":"wp","href":"https:\/\/api.w.org\/{rel}","templated":true}]}}

<div data-colibri-id="316-c1" class="style-647 style-local-316-c1 position-relative">
  <!---->
  <div data-colibri-component="section" data-colibri-id="316-c2" id="custom" class="h-section h-section-global-spacing d-flex align-items-lg-center align-items-md-center align-items-center style-648 style-local-316-c2 position-relative">
    <!---->
    <!---->
    <div class="h-section-grid-container h-section-boxed-container">
      <!---->
      <div data-colibri-id="316-c3" class="h-row-container gutters-row-lg-2 gutters-row-md-2 gutters-row-0 gutters-row-v-lg-2 gutters-row-v-md-2 gutters-row-v-2 style-655 style-local-316-c3 position-relative">
        <!---->
        <div class="h-row justify-content-lg-center justify-content-md-center justify-content-center align-items-lg-stretch align-items-md-stretch align-items-stretch gutters-col-lg-2 gutters-col-md-2 gutters-col-0 gutters-col-v-lg-2 gutters-col-v-md-2 gutters-col-v-2">
          <!---->
          <div class="h-column h-column-container d-flex h-col-lg-auto h-col-md-auto h-col-auto style-656-outer style-local-316-c4-outer">
            <div data-colibri-id="316-c4" class="d-flex h-flex-basis h-column__inner h-px-lg-2 h-px-md-2 h-px-2 v-inner-lg-2 v-inner-md-2 v-inner-2 style-656 style-local-316-c4 position-relative">
              <!---->
              <!---->
              <div class="w-100 h-y-container h-column__content h-column__v-align flex-basis-100 align-self-lg-start align-self-md-start align-self-start">
                <!---->
                <div data-colibri-id="316-c5" class="h-lead h-text h-text-component style-657 style-local-316-c5 position-relative h-element">
                  <!---->
                  <!---->
                  <div class="">
                    <p>&#8220;Quindi, con questo gratis che abbiamo – l’amore di Gesù – e con la voglia di camminare,
                      <br>camminiamo nella speranza, guardiamo alle nostre radici
                      <br>e andiamo avanti, <em>senza paura</em>. Non abbiate paura.&#8221;
                      <br>[Papa Francesco alla GMG, Agosto 2023]
                      <br>
                    </p>
                  </div>
                </div>
              </div>
            </div>
          </div>
        </div>
      </div>
      <div data-colibri-id="316-c6" class="h-row-container gutters-row-lg-2 gutters-row-md-2 gutters-row-0 gutters-row-v-lg-2 gutters-row-v-md-2 gutters-row-v-2 style-11748 style-local-316-c6 position-relative">
        <!---->
        <div class="h-row justify-content-lg-center justify-content-md-center justify-content-center align-items-lg-stretch align-items-md-stretch align-items-stretch gutters-col-lg-2 gutters-col-md-2 gutters-col-0 gutters-col-v-lg-2 gutters-col-v-md-2 gutters-col-v-2">
          <!---->
          <div class="h-column h-column-container d-flex h-col-lg-auto h-col-md-auto h-col-auto style-11749-outer style-local-316-c7-outer">
            <div data-colibri-id="316-c7" class="d-flex h-flex-basis h-column__inner h-px-lg-2 h-px-md-2 h-px-2 v-inner-lg-2 v-inner-md-2 v-inner-2 style-11749 style-local-316-c7 position-relative">
              <!---->
              <!---->
              <div class="w-100 h-y-container h-column__content h-column__v-align flex-basis-100 align-self-lg-start align-self-md-start align-self-start">
                <!---->
                <div data-colibri-id="316-c8" class="h-text h-text-component style-654 style-local-316-c8 position-relative h-element">
                  <!---->
                  <!---->
                  <div class="">
                    <p>Siamo un gruppo di ragazze e ragazzi delle superiori che cerca il venerdì sera di riflettere e discutere su tantissimi temi ponendoci sempre con il volto lungo la strada di Gesù.</p>
                    <p>Attraverso i suggerimenti del testo-guida dell&#8217;Azione Cattolica,&nbsp;passo dopo passo stiamo scoprendo come approcciarci alla vita, alla realtà, ai cambiamenti inevitabili che viviamo durante gli anni delle superiori. Ci piace coltivare
                      le amicizie, come faceva il Piccolo Principe con la volpe, ci piace capire chi è e chi sarà il nostro prossimo con esperienze concrete, come il Campo Scuola di settembre, le Tre Giorni e gli altri momenti di convivenza.</p>
                    <p>Una frase che ci portiamo dentro è: «Il bene bisogna farlo finché si è in vita. È facile lasciare le cose che non si possono portare nell’Aldilà. La vera ricchezza da lasciare è il bene fatto»
                      <br>
                    </p>
                  </div>
                </div>
                <div data-colibri-id="316-c9" class="h-text h-text-component style-658 style-local-316-c9 position-relative h-element">
                  <!---->
                  <!---->
                  <div class="">
                    <p>Eccoci qua. È complicato raccontarci in poche parole, perché più che i racconti, sono emozioni, sensazioni, volti che ci accompagnano in questo cammino insieme!&nbsp;&nbsp;<strong>Siamo semplicemente noi: un gruppo curioso, disordinato e gioioso!</strong></p>
                    <p><strong>Equipe educativa: Stefano, Giovanni, Sofia, Carolina, Francesco e Giovanni</strong></p>
                  </div>
                </div>
                <div data-colibri-id="316-c10" class="h-x-container style-2887 style-local-316-c10 position-relative h-element">
                  <!---->
                  <div class="h-x-container-inner style-dynamic-316-c10-group style-2887-spacing style-local-316-c10-spacing"><span class="h-button__outer style-2888-outer style-local-316-c11-outer d-inline-flex h-element"><a h-use-smooth-scroll="true" href="https://api.whatsapp.com/send?phone=3393135277"  data-colibri-id="316-c11" class="d-flex w-100 align-items-center h-button justify-content-lg-center justify-content-md-center justify-content-center style-2888 style-local-316-c11 position-relative"><!----><!----> <span>CONTATTACI</span></a>
                    </span>
                  </div>
                </div>
              </div>
            </div>
          </div>
        </div>
      </div>
      <div data-colibri-id="316-c12" class="h-row-container gutters-row-lg-2 gutters-row-md-2 gutters-row-0 gutters-row-v-lg-2 gutters-row-v-md-2 gutters-row-v-2 style-649 style-local-316-c12 position-relative">
        <!---->
        <div class="h-row justify-content-lg-center justify-content-md-center justify-content-center align-items-lg-stretch align-items-md-stretch align-items-stretch gutters-col-lg-2 gutters-col-md-2 gutters-col-0 gutters-col-v-lg-2 gutters-col-v-md-2 gutters-col-v-2">
          <!---->
          <div class="h-column h-column-container d-flex h-col-lg-auto h-col-md-auto h-col-auto style-650-outer style-local-316-c13-outer">
            <div data-colibri-id="316-c13" class="d-flex h-flex-basis h-column__inner h-px-lg-2 h-px-md-2 h-px-2 v-inner-lg-2 v-inner-md-2 v-inner-2 style-650 style-local-316-c13 position-relative">
              <!---->
              <!---->
              <div class="w-100 h-y-container h-column__content h-column__v-align flex-basis-100 align-self-lg-start align-self-md-start align-self-start">
                <!---->
                <div data-colibri-id="316-c14" class="style-653 style-local-316-c14 position-relative h-element">
                  <!---->
                  <div class="h-global-transition-all h-global-transition h-global-transition-all h-contact-form-shortcode"></div>
                </div>
              </div>
            </div>
          </div>
        </div>
      </div>
    </div>
  </div>
</div>

<p>&#8220;Quindi, con questo gratis che abbiamo – l’amore di Gesù – e con la voglia di camminare, camminiamo nella speranza, guardiamo alle nostre radici e andiamo avanti, senza paura. Non abbiate paura.&#8221; [Papa Francesco alla GMG, Agosto 2023] Siamo un gruppo di ragazze e ragazzi delle superiori che cerca il venerdì sera di riflettere e [&hellip;]</p>
