{"id":514,"date":"2021-01-20T14:40:01","date_gmt":"2021-01-20T13:40:01","guid":{"rendered":"http:\/\/santagostinorimini.it\/new_sito\/?page_id=514"},"modified":"2021-02-10T17:18:28","modified_gmt":"2021-02-10T16:18:28","slug":"don-dino","status":"publish","type":"page","link":"https:\/\/santagostinorimini.it\/new_sito\/comunita\/i-nostri-pastori\/don-dino\/","title":{"rendered":"Don Dino Paesani"},"content":{"rendered":"<div data-colibri-id=\"514-c1\" class=\"style-602 style-local-514-c1 position-relative\">\r\n  <!---->\r\n  <div data-colibri-component=\"section\" data-colibri-id=\"514-c2\" id=\"about\" class=\"h-section h-section-global-spacing d-flex align-items-lg-center align-items-md-center align-items-center style-603 style-local-514-c2 position-relative\">\r\n    <!---->\r\n    <!---->\r\n    <div class=\"h-section-grid-container h-section-boxed-container\">\r\n      <!---->\r\n      <div data-colibri-id=\"514-c3\" class=\"h-row-container gutters-row-lg-2 gutters-row-md-2 gutters-row-2 gutters-row-v-lg-2 gutters-row-v-md-2 gutters-row-v-2 style-604 style-local-514-c3 position-relative\">\r\n        <!---->\r\n        <div class=\"h-row justify-content-lg-center justify-content-md-center justify-content-center align-items-lg-stretch align-items-md-stretch align-items-stretch gutters-col-lg-2 gutters-col-md-2 gutters-col-2 gutters-col-v-lg-2 gutters-col-v-md-2 gutters-col-v-2\">\r\n          <!---->\r\n          <div class=\"h-column h-column-container d-flex h-col-lg-auto h-col-md-auto h-col-auto style-605-outer style-local-514-c4-outer\">\r\n            <div data-colibri-id=\"514-c4\" class=\"d-flex h-flex-basis h-column__inner h-px-lg-2 h-px-md-2 h-px-2 v-inner-lg-2 v-inner-md-2 v-inner-2 style-605 style-local-514-c4 position-relative\">\r\n              <!---->\r\n              <!---->\r\n              <div class=\"w-100 h-y-container h-column__content h-column__v-align flex-basis-100 align-self-lg-start align-self-md-start align-self-start\">\r\n                <!---->\r\n                <div data-colibri-id=\"514-c5\" class=\"h-global-transition-all h-heading style-613 style-local-514-c5 position-relative h-element\">\r\n                  <!---->\r\n                  <div class=\"h-heading__outer style-613 style-local-514-c5\">\r\n                    <!---->\r\n                    <!---->\r\n                    <h6 class=\"\">Felicemente prete dal 1964<\/h6>\r\n                  <\/div>\r\n                <\/div>\r\n                <div data-colibri-id=\"514-c6\" class=\"h-text h-text-component style-1437 style-local-514-c6 position-relative h-element\">\r\n                  <!---->\r\n                  <!---->\r\n                  <div class=\"\">\r\n                    <p>Sono nato nel 1939. In quarta elementare \u00e8 sorto in me, non saprei dire come, il desiderio di \u201cfarmi prete\u201d. In prima media sono entrato in Seminario. L\u2019ideale sacerdotale, negli anni di formazione, si \u00e8 maturato e, nel 1964, sono\r\n                      stato ordinato sacerdote. Le circostanze della mia formazione e dei primi anni del ministero sacerdotale furono particolari: formazione avvenuta prima e durante il Concilio, dunque una formazione pre-conciliare; ministero all&#8217;insegna\r\n                      del fervore per il rinnovamento pastorale che il concilio aveva portato.<\/p>\r\n                  <\/div>\r\n                <\/div>\r\n              <\/div>\r\n            <\/div>\r\n          <\/div>\r\n          <div class=\"h-column h-column-container d-flex h-col-lg-auto h-col-md-auto h-col-auto style-611-outer style-local-514-c7-outer\">\r\n            <div data-colibri-id=\"514-c7\" class=\"d-flex h-flex-basis h-column__inner h-px-lg-2 h-px-md-2 h-px-2 v-inner-lg-2 v-inner-md-2 v-inner-2 style-611 style-local-514-c7 position-relative\">\r\n              <!---->\r\n              <!---->\r\n              <div class=\"w-100 h-y-container h-column__content h-column__v-align flex-basis-100 align-self-lg-center align-self-md-center align-self-center\">\r\n                <!---->\r\n                <div data-colibri-id=\"514-c8\" class=\"d-block style-612 style-local-514-c8 position-relative h-element\">\r\n                  <!---->\r\n                  <div class=\"h-image__frame-container-outer\">\r\n                    <div class=\"h-image__frame-container\">\r\n                      <!---->\r\n                      <!---->\r\n                      <img loading=\"lazy\" decoding=\"async\" width=\"864\" height=\"652\" src=\"http:\/\/santagostinorimini.it\/new_sito\/wp-content\/uploads\/2021\/01\/Schermata-2021-01-08-alle-09.49.24.png\" class=\"wp-image-518 style-612-image style-local-514-c8-image\" alt=\"\" srcset=\"https:\/\/santagostinorimini.it\/new_sito\/wp-content\/uploads\/2021\/01\/Schermata-2021-01-08-alle-09.49.24.png 864w, https:\/\/santagostinorimini.it\/new_sito\/wp-content\/uploads\/2021\/01\/Schermata-2021-01-08-alle-09.49.24-300x226.png 300w, https:\/\/santagostinorimini.it\/new_sito\/wp-content\/uploads\/2021\/01\/Schermata-2021-01-08-alle-09.49.24-768x580.png 768w\" sizes=\"auto, (max-width: 864px) 100vw, 864px\" \/>\r\n                      <div class=\"h-image__frame h-hide-lg h-hide-md h-hide-sm style-612-frameImage style-local-514-c8-frameImage\"><\/div>\r\n                    <\/div>\r\n                  <\/div>\r\n                <\/div>\r\n              <\/div>\r\n            <\/div>\r\n          <\/div>\r\n        <\/div>\r\n      <\/div>\r\n      <div data-colibri-id=\"514-c9\" class=\"h-row-container gutters-row-lg-2 gutters-row-md-2 gutters-row-0 gutters-row-v-lg-2 gutters-row-v-md-2 gutters-row-v-2 style-615 style-local-514-c9 position-relative\">\r\n        <!---->\r\n        <div class=\"h-row justify-content-lg-center justify-content-md-center justify-content-center align-items-lg-stretch align-items-md-stretch align-items-stretch gutters-col-lg-2 gutters-col-md-2 gutters-col-0 gutters-col-v-lg-2 gutters-col-v-md-2 gutters-col-v-2\">\r\n          <!---->\r\n          <div class=\"h-column h-column-container d-flex h-col-lg-auto h-col-md-auto h-col-auto style-616-outer style-local-514-c10-outer\">\r\n            <div data-colibri-id=\"514-c10\" class=\"d-flex h-flex-basis h-column__inner h-px-lg-2 h-px-md-2 h-px-2 v-inner-lg-2 v-inner-md-2 v-inner-2 style-616 style-local-514-c10 position-relative\">\r\n              <!---->\r\n              <!---->\r\n              <div class=\"w-100 h-y-container h-column__content h-column__v-align flex-basis-100 align-self-lg-start align-self-md-start align-self-start\">\r\n                <!---->\r\n                <div data-colibri-id=\"514-c11\" class=\"h-text h-text-component style-618 style-local-514-c11 position-relative h-element\">\r\n                  <!---->\r\n                  <!---->\r\n                  <div class=\"\">\r\n                    <p>Per volere di Dio e per le scelte del Vescovo ho vissuto i miei primi otto anni di sacerdozio, con altri preti, nella comunit\u00e0 del Seminario come educatore dei seminaristi. Una situazione provvidenziale, perch\u00e9 mi ha dato la possibilit\u00e0\r\n                      di vivere \u201cl&#8217;effervescenza di quegli anni di rinnovamento\u201d, nel seminario: \u201ccuore pulsante della Diocesi\u201d. Considero quegli anni come i pi\u00f9 importanti nella mia formazione sacerdotale.&nbsp;&nbsp;Mi sono sentito felice di essere\r\n                      prete. Ho compreso e sperimentato che centro di tutta la vita della Chiesa e, a maggior ragione, del prete \u00e8 e deve essere l\u2019Eurarestia e la Parola. Questa convinzione mi accompagner\u00e0 poi in tutte le fasi del mio ministero.&nbsp;<\/p>\r\n                    <p>Nel 1972 il vescovo Biancheri mi ha assegnato alla parrocchia di S. Martino di Riccione, prima come cappellano poi, nel 1973, come parroco. Il Signore mi ha voluto veramente bene, perch\u00e9 ho condiviso, da subito, il nuovo impegno pastorale\r\n                      con altri sacerdoti. Una vera fraternit\u00e0 capace di vivere la condivisione non solo sul piano spirituale e pastorale, ma anche sul piano economico fino a fare \u201ccassa comune\u201d. A noi sacerdoti si sono aggiunti i seminaristi teologi;\r\n                      stavano con noi nei week-end e durante le vacanze per fare esperienza di vita comunitaria e pastorale. Con la loro presenza la fraternit\u00e0 si \u00e8 arricchita; ricordo poi, con affetto e riconoscenza, che ne faceva parte anche mia sorella\r\n                      (Tina) : nella fraternit\u00e0 lei era la figura materna. Il lavoro era tanto, essendo una delle parrocchie pi\u00f9 grandi della Diocesi, ma non mi spaventava, perch\u00e9 lo condividevo con altri sacerdoti e con i seminaristi; inoltre cresceva\r\n                      in me la consapevolezza che la Chiesa non \u00e8 mia, ma \u00e8 di Ges\u00f9. Mi era di conforto un\u2019antifona dell\u2019ora media che recita cos\u00ec: \u201cSignore, guarda la Chiesa, \u00e8 tua da sempre\u201d. Avvertivo il peso dei miei limiti, ma non mi spaventavano,\r\n                      consapevole che il risultato non poteva dipendere solo da me. Io potevo vivere al meglio il mio impegno, ma perch\u00e9 la mia e nostra azione fosse efficace doveva essere preceduta e accompagnata da molta preghiera, perch\u00e9 \u00e8 il Signore\r\n                      che \u201cfa crescere\u201d. Oltre alla collaborazione di preti e seminaristi facevo affidamento sulle famiglie: formate e sollecitate, diventavano sempre pi\u00f9 capaci di condividere il lavoro pastorale.&nbsp;&nbsp;Sono stati anni di grande\r\n                      soddisfazione, pur con immancabili sofferenze. Dopo 27 anni, avevo la sensazione che la parrocchia avesse bisogno di un rinnovamento. Ritenevo che stare troppo tempo nella stessa parrocchia potessi correre il rischio di cadere nella\r\n                      ruotine; per un vero rinnovamento, non solo della parrocchia, ma anche mio, ritenevo utile un avvicendamento. Dopo aver pregato, ho presentato al vescovo questa mia preoccupazione e ho chiesto di affidare ad altri la parrocchia di\r\n                      S. Martino e a me una parrocchia pi\u00f9 piccola.&nbsp;<\/p>\r\n                    <p>&nbsp;Nel 2000 sono diventato parroco di San Nicol\u00f2 al Porto. Ho fatto molta fatica a lasciare Riccione e a inserirmi nella nuova realt\u00e0 riminese, ma la parrocchia era piccola e, in breve tempo, mi ci sono affezionato. Dopo appena\r\n                      tre anni la parrocchia \u00e8 stata unita a tutte le parrocchie del centro storico di Rimini.<\/p>\r\n                    <p>&nbsp;Dal 2003 al 2014 mi sono trovato, con don Vittorio Maresi e altri preti collaboratori a \u201ccorrere\u201d per tutta la citt\u00e0. Il compito era complesso; si trattava di sollecitare le persone, affezionate alle loro parrocchie, a confluire\r\n                      nella nuova parrocchia di S. Agostino. L\u2019invito pi\u00f9 pressante, poich\u00e9 la Chiesa si edifica attorno all\u2019Eucaristia, fu quello di prediligere la partecipazione all\u2019Eucaristia domenicale nella chiesa parrocchiale, e quindi a cooperare\r\n                      per la formazione della nuova comunit\u00e0. Sono stati anni molto impegnativi, ma ricchi di frutti.&nbsp;<\/p>\r\n                    <p>&nbsp;Giunto al compimento dei miei 75 anni ho chiesto, con insistenza, al vescovo di provvedere la parrocchia di un parroco pi\u00f9 giovane. Non ero stanco di essere prete, ma quando nel 2014 sono stato sollevato dal compito di parroco\r\n                      ed \u00e8 arrivato don Vittorio Metalli, mi sono sentito rinfrancato. Ero e sono contento di collaborare con lui e ne seguo fiducioso le indicazione. Sicuramente c&#8217;\u00e8 ancora tanto spazio anche per me; mi si richiede per\u00f2 tanta discrezione.\r\n                      \u00c8 mia profonda convinzione che quando un parroco rassegna il suo mandato, ma rimane in parrocchia, debba favorire al massimo le scelte pastorali e le diverse iniziative che il nuovo parroco intende promuovere. Grazie all\u2019opera di\r\n                      Don Vittorio e alla collaborazione di tanti la parrocchia sta crescendo e io ne gioisco immensamente.<\/p>\r\n                    <p>Quindi: felicemente prete dal 1964.&nbsp;&nbsp;<\/p>\r\n                  <\/div>\r\n                <\/div>\r\n              <\/div>\r\n            <\/div>\r\n          <\/div>\r\n        <\/div>\r\n      <\/div>\r\n      <div data-colibri-id=\"514-c12\" class=\"h-row-container gutters-row-lg-2 gutters-row-md-2 gutters-row-0 gutters-row-v-lg-2 gutters-row-v-md-2 gutters-row-v-2 style-1602 style-local-514-c12 position-relative\">\r\n        <!---->\r\n        <div class=\"h-row justify-content-lg-center justify-content-md-center justify-content-center align-items-lg-stretch align-items-md-stretch align-items-stretch gutters-col-lg-2 gutters-col-md-2 gutters-col-0 gutters-col-v-lg-2 gutters-col-v-md-2 gutters-col-v-2\">\r\n          <!---->\r\n          <div class=\"h-column h-column-container d-flex h-col-lg-auto h-col-md-auto h-col-auto style-1603-outer style-local-514-c13-outer\">\r\n            <div data-colibri-id=\"514-c13\" class=\"d-flex h-flex-basis h-column__inner h-px-lg-2 h-px-md-2 h-px-2 v-inner-lg-2 v-inner-md-2 v-inner-2 style-1603 style-local-514-c13 position-relative\">\r\n              <!---->\r\n              <!---->\r\n              <div class=\"w-100 h-y-container h-column__content h-column__v-align flex-basis-100 align-self-lg-start align-self-md-start align-self-start\">\r\n                <!---->\r\n                <div data-colibri-id=\"514-c14\" class=\"style-1601 style-local-514-c14 position-relative h-element\">\r\n                  <!---->\r\n                  <div class=\"h-global-transition-all h-global-transition h-global-transition-all h-contact-form-shortcode\"><\/div>\r\n                <\/div>\r\n              <\/div>\r\n            <\/div>\r\n          <\/div>\r\n        <\/div>\r\n      <\/div>\r\n    <\/div>\r\n  <\/div>\r\n<\/div>","protected":false},"excerpt":{"rendered":"<p>Felicemente prete dal 1964 Sono nato nel 1939. In quarta elementare \u00e8 sorto in me, non saprei dire come, il desiderio di \u201cfarmi prete\u201d. In prima media sono entrato in Seminario. L\u2019ideale sacerdotale, negli anni di formazione, si \u00e8 maturato e, nel 1964, sono stato ordinato sacerdote. Le circostanze della mia formazione e dei primi [&hellip;]<\/p>\n","protected":false},"author":1,"featured_media":0,"parent":302,"menu_order":0,"comment_status":"closed","ping_status":"closed","template":"page-templates\/full-width-page.php","meta":{"iawp_total_views":30,"footnotes":""},"class_list":["post-514","page","type-page","status-publish","hentry"],"_links":{"self":[{"href":"https:\/\/santagostinorimini.it\/new_sito\/wp-json\/wp\/v2\/pages\/514","targetHints":{"allow":["GET"]}}],"collection":[{"href":"https:\/\/santagostinorimini.it\/new_sito\/wp-json\/wp\/v2\/pages"}],"about":[{"href":"https:\/\/santagostinorimini.it\/new_sito\/wp-json\/wp\/v2\/types\/page"}],"author":[{"embeddable":true,"href":"https:\/\/santagostinorimini.it\/new_sito\/wp-json\/wp\/v2\/users\/1"}],"replies":[{"embeddable":true,"href":"https:\/\/santagostinorimini.it\/new_sito\/wp-json\/wp\/v2\/comments?post=514"}],"version-history":[{"count":10,"href":"https:\/\/santagostinorimini.it\/new_sito\/wp-json\/wp\/v2\/pages\/514\/revisions"}],"predecessor-version":[{"id":3231,"href":"https:\/\/santagostinorimini.it\/new_sito\/wp-json\/wp\/v2\/pages\/514\/revisions\/3231"}],"up":[{"embeddable":true,"href":"https:\/\/santagostinorimini.it\/new_sito\/wp-json\/wp\/v2\/pages\/302"}],"wp:attachment":[{"href":"https:\/\/santagostinorimini.it\/new_sito\/wp-json\/wp\/v2\/media?parent=514"}],"curies":[{"name":"wp","href":"https:\/\/api.w.org\/{rel}","templated":true}]}}